{"id":231,"date":"2025-12-09T12:11:23","date_gmt":"2025-12-09T12:11:23","guid":{"rendered":"https:\/\/bestezinsen.com\/aktuell\/?page_id=231"},"modified":"2026-02-09T13:10:48","modified_gmt":"2026-02-09T13:10:48","slug":"impressum","status":"publish","type":"page","link":"https:\/\/besterzins.at\/?page_id=231","title":{"rendered":"Impressum"},"content":{"rendered":"\t\t<div data-elementor-type=\"wp-page\" data-elementor-id=\"231\" class=\"elementor elementor-231\" data-elementor-settings=\"{&quot;element_pack_global_tooltip_width&quot;:{&quot;unit&quot;:&quot;px&quot;,&quot;size&quot;:&quot;&quot;,&quot;sizes&quot;:[]},&quot;element_pack_global_tooltip_width_tablet&quot;:{&quot;unit&quot;:&quot;px&quot;,&quot;size&quot;:&quot;&quot;,&quot;sizes&quot;:[]},&quot;element_pack_global_tooltip_width_mobile&quot;:{&quot;unit&quot;:&quot;px&quot;,&quot;size&quot;:&quot;&quot;,&quot;sizes&quot;:[]},&quot;element_pack_global_tooltip_padding&quot;:{&quot;unit&quot;:&quot;px&quot;,&quot;top&quot;:&quot;&quot;,&quot;right&quot;:&quot;&quot;,&quot;bottom&quot;:&quot;&quot;,&quot;left&quot;:&quot;&quot;,&quot;isLinked&quot;:true},&quot;element_pack_global_tooltip_padding_tablet&quot;:{&quot;unit&quot;:&quot;px&quot;,&quot;top&quot;:&quot;&quot;,&quot;right&quot;:&quot;&quot;,&quot;bottom&quot;:&quot;&quot;,&quot;left&quot;:&quot;&quot;,&quot;isLinked&quot;:true},&quot;element_pack_global_tooltip_padding_mobile&quot;:{&quot;unit&quot;:&quot;px&quot;,&quot;top&quot;:&quot;&quot;,&quot;right&quot;:&quot;&quot;,&quot;bottom&quot;:&quot;&quot;,&quot;left&quot;:&quot;&quot;,&quot;isLinked&quot;:true},&quot;element_pack_global_tooltip_border_radius&quot;:{&quot;unit&quot;:&quot;px&quot;,&quot;top&quot;:&quot;&quot;,&quot;right&quot;:&quot;&quot;,&quot;bottom&quot;:&quot;&quot;,&quot;left&quot;:&quot;&quot;,&quot;isLinked&quot;:true},&quot;element_pack_global_tooltip_border_radius_tablet&quot;:{&quot;unit&quot;:&quot;px&quot;,&quot;top&quot;:&quot;&quot;,&quot;right&quot;:&quot;&quot;,&quot;bottom&quot;:&quot;&quot;,&quot;left&quot;:&quot;&quot;,&quot;isLinked&quot;:true},&quot;element_pack_global_tooltip_border_radius_mobile&quot;:{&quot;unit&quot;:&quot;px&quot;,&quot;top&quot;:&quot;&quot;,&quot;right&quot;:&quot;&quot;,&quot;bottom&quot;:&quot;&quot;,&quot;left&quot;:&quot;&quot;,&quot;isLinked&quot;:true}}\">\n\t\t\t\t\t\t<section class=\"elementor-section elementor-top-section elementor-element elementor-element-43cbadd elementor-section-boxed elementor-section-height-default elementor-section-height-default\" data-id=\"43cbadd\" data-element_type=\"section\">\n\t\t\t\t\t\t<div class=\"elementor-container elementor-column-gap-default\">\n\t\t\t\t\t<div class=\"elementor-column elementor-col-100 elementor-top-column elementor-element elementor-element-419afec\" data-id=\"419afec\" data-element_type=\"column\">\n\t\t\t<div class=\"elementor-widget-wrap elementor-element-populated\">\n\t\t\t\t\t\t<div class=\"elementor-element elementor-element-84f7af0 elementor-widget__width-auto animated-fast elementor-icon-list--layout-traditional elementor-list-item-link-full_width elementor-invisible elementor-widget elementor-widget-icon-list\" data-id=\"84f7af0\" data-element_type=\"widget\" data-settings=\"{&quot;_animation&quot;:&quot;fadeInUp&quot;}\" data-widget_type=\"icon-list.default\">\n\t\t\t\t\t\t\t<ul class=\"elementor-icon-list-items\">\n\t\t\t\t\t\t\t<li class=\"elementor-icon-list-item\">\n\t\t\t\t\t\t\t\t\t\t\t<span class=\"elementor-icon-list-icon\">\n\t\t\t\t\t\t\t<svg aria-hidden=\"true\" class=\"e-font-icon-svg e-fas-circle\" viewBox=\"0 0 512 512\" xmlns=\"http:\/\/www.w3.org\/2000\/svg\"><path d=\"M256 8C119 8 8 119 8 256s111 248 248 248 248-111 248-248S393 8 256 8z\"><\/path><\/svg>\t\t\t\t\t\t<\/span>\n\t\t\t\t\t\t\t\t\t\t<span class=\"elementor-icon-list-text\">Impressum - Bestezinsen<\/span>\n\t\t\t\t\t\t\t\t\t<\/li>\n\t\t\t\t\t\t<\/ul>\n\t\t\t\t\t\t<\/div>\n\t\t\t\t<div class=\"elementor-element elementor-element-31e369e elementor-widget elementor-widget-spacer\" data-id=\"31e369e\" data-element_type=\"widget\" data-widget_type=\"spacer.default\">\n\t\t\t\t<div class=\"elementor-widget-container\">\n\t\t\t\t\t\t\t<div class=\"elementor-spacer\">\r\n\t\t\t<div class=\"elementor-spacer-inner\"><\/div>\r\n\t\t<\/div>\r\n\t\t\t\t\t\t<\/div>\n\t\t\t\t<\/div>\n\t\t\t\t<div class=\"elementor-element elementor-element-9de94e5 elementor-widget__width-initial elementor-widget-tablet__width-initial elementor-widget-mobile__width-inherit  ui-split-animate ui-splitby-lines elementor-widget elementor-widget-heading\" data-id=\"9de94e5\" data-element_type=\"widget\" data-settings=\"{&quot;ui_animate_split&quot;:&quot;ui-split-animate&quot;,&quot;ui_animate_split_by&quot;:&quot;lines&quot;,&quot;ui_animate_split_style&quot;:&quot;fadeInUp&quot;}\" data-widget_type=\"heading.default\">\n\t\t\t\t\t<h2 class=\"elementor-heading-title elementor-size-default\">Impressum<\/h2>\t\t\t\t<\/div>\n\t\t\t\t<div class=\"elementor-element elementor-element-92d4b67 elementor-invisible elementor-widget elementor-widget-text-editor\" data-id=\"92d4b67\" data-element_type=\"widget\" data-settings=\"{&quot;_animation&quot;:&quot;fadeInUp&quot;}\" data-widget_type=\"text-editor.default\">\n\t\t\t\t\t\t\t\t\t<p>besterzins GmbH &amp; Co. KG<br \/>Handelskai 388<br \/>1020 Wien<\/p><p>Schanzenstrasse 4a.<br \/>3008 Bern<\/p><p>financeAds GmbH &amp; Co. KG<br \/>Karlstra\u00dfe 9<br \/>90403 N\u00fcrnberg<\/p><p>info@besterzins.at<\/p><p>Umsatzsteueridentifikationsnummer: DE251399704<br \/>Registergericht: Amtsgericht N\u00fcrnberg<br \/>Registernummer: HR A 14415<\/p><p>vertreten durch die pers\u00f6nlich haftende Gesellschafterin:<br \/>financeDigital GmbH<br \/>Karlstra\u00dfe 9<br \/>90403 N\u00fcrnberg<br \/>diese vertreten durch den Gesch\u00e4ftsf\u00fchrer: David Abebe<br \/>Registergericht: Amtsgericht N\u00fcrnberg<br \/>Registernummer: HR B 23019<\/p><p><b>Gewerbeerlaubnis nach \u00a734c Abs. 1 Gewerbeordnung<\/b><\/p><p>Aufsichtsbeh\u00f6rde: Stadt N\u00fcrnberg, Ordnungsamt, Innerer Laufer Platz 3, 90403 N\u00fcrnberg<\/p><p><b>Gewerbeerlaubnis nach \u00a734d Gewerbeordnung<\/b><\/p><p>Die financeAds GmbH &amp; Co. KG ist Versicherungsmakler mit Erlaubnispflicht nach \u00a7 34d Abs. 1 GewO. Registrierungsnummer: D-XQLT-GQ4ZP-78. IHK f\u00fcr M\u00fcnchen &amp; Oberbayern, Max-Joseph-Str. 2, 80333 M\u00fcnchen. Versicherungsvermittlerregister: www.vermittlerregister.info.<\/p><p><b>Urheberrecht<\/b><\/p><p>Von financeAds selbst erstellte Inhalte dieser Seiten unterliegen dem Urheberrecht. Kein Teil dieser Website darf in irgendeiner Form ohne schriftliche Genehmigung des Betreibers reproduziert oder unter Verwendung elektronischer Systeme verarbeitet, vervielf\u00e4ltigt oder verbreitet werden. Innerhalb des Internetangebotes genannte und evtl. durch Dritte gesch\u00fctzte Marken- und Warenzeichen sind im Besitz ihrer jeweiligen Eigent\u00fcmer.<\/p><p><b>Externe Links<\/b><\/p><p>Trotz sorgf\u00e4ltiger inhaltlicher Kontrolle \u00fcbernimmt financeAds keine Haftung f\u00fcr die Inhalte externer Links. F\u00fcr den Inhalt der verlinkten Seiten sind ausschlie\u00dflich deren Betreiber verantwortlich.<\/p><p><b>Bildquellen<\/b><\/p><p>Hintergrund Vektor erstellt von iconicbestiary &#8211; de.freepik.com<br \/>Menschen Vektor erstellt von pch.vector &#8211; de.freepik.com<br \/>Technology illustrations by Storyset<br \/>Web illustrations by Storyset<br \/>Work illustrations by Storyset<br \/>Business illustrations by Storyset<br \/>Online illustrations by Storyset<br \/>Icons made by Freepik from www.flaticon.com<\/p>\t\t\t\t\t\t\t\t<\/div>\n\t\t\t\t\t<\/div>\n\t\t<\/div>\n\t\t\t\t\t<\/div>\n\t\t<\/section>\n\t\t\t\t<\/div>\n\t\t","protected":false},"excerpt":{"rendered":"<p>Impressum &#8211; Bestezinsen Impressum besterzins GmbH &amp; Co. KGHandelskai 3881020 Wien Schanzenstrasse 4a.3008 Bern financeAds GmbH &amp; Co. KGKarlstra\u00dfe 990403 N\u00fcrnberg info@besterzins.at [&hellip;]<\/p>\n","protected":false},"author":1,"featured_media":0,"parent":0,"menu_order":0,"comment_status":"closed","ping_status":"closed","template":"","meta":{"footnotes":""},"class_list":["post-231","page","type-page","status-publish","hentry"],"_links":{"self":[{"href":"https:\/\/besterzins.at\/index.php?rest_route=\/wp\/v2\/pages\/231","targetHints":{"allow":["GET"]}}],"collection":[{"href":"https:\/\/besterzins.at\/index.php?rest_route=\/wp\/v2\/pages"}],"about":[{"href":"https:\/\/besterzins.at\/index.php?rest_route=\/wp\/v2\/types\/page"}],"author":[{"embeddable":true,"href":"https:\/\/besterzins.at\/index.php?rest_route=\/wp\/v2\/users\/1"}],"replies":[{"embeddable":true,"href":"https:\/\/besterzins.at\/index.php?rest_route=%2Fwp%2Fv2%2Fcomments&post=231"}],"version-history":[{"count":8,"href":"https:\/\/besterzins.at\/index.php?rest_route=\/wp\/v2\/pages\/231\/revisions"}],"predecessor-version":[{"id":396,"href":"https:\/\/besterzins.at\/index.php?rest_route=\/wp\/v2\/pages\/231\/revisions\/396"}],"wp:attachment":[{"href":"https:\/\/besterzins.at\/index.php?rest_route=%2Fwp%2Fv2%2Fmedia&parent=231"}],"curies":[{"name":"wp","href":"https:\/\/api.w.org\/{rel}","templated":true}]}}